ors of 888/36 - 2/3.
2, 3
Let d(n) = -6*n**3 + 3*n + 4. List the prime factors of d(-3).
157
Let o(q) = -q + 1. Let i(b) = -6*b + 6. Let n(r) = 3*i(r) - 15*o(r). Let y be n(4). List the prime factors of y*(1 + 2/(-1)).
3
Let k be (-2)/5 + 22/5. Suppose 0 = -3*l - k*x + 17, 2*l + 3*x = -3*l + 32. What are the prime factors of l?
7
Let x = 1 + 6. Let s = 6 + x. List the prime factors of s.
13
Let y(z) = z**3 - 7*z**2 + z + 6. Suppose -r - 20 = -3*d - 3, -5*r = -20. List the prime factors of y(d).
13
Suppose 7*r - 11*r = 60. List the prime factors of ((-22)/(-5))/((-6)/r).
11
Let i(l) = l**3 + 4*l**2 - 4*l - 6. Suppose -3*p = 5 + 7. What are the prime factors of i(p)?
2, 5
Let o(v) = 4*v - 3. List the prime factors of o(12).
3, 5
Suppose -2*k - r + 61 = 4*r, 3 = k - 3*r. What are the prime factors of k?
2, 3
Let z(p) = 5*p - 9. Let s(d) = d - 1. Let i(m) = 4*s(m) - z(m). Let k be i(0). Suppose k*y - 4*y = 3. What are the prime factors of y?
3
List the prime factors of 1/2 - (-69)/6.
2, 3
Suppose t - w - 2 = 1, 4 = w. Let p = t + -7. Suppose 0 = c + 4*v - p*v - 3, -3 = -c + 5*v. What are the prime factors of c?
3
Let l = 0 - -5. Suppose l*r + 7 - 32 = 0. Suppose 0*q - r = -q. List the prime factors of q.
5
Let b = -28 + 55. What are the prime factors of b?
3
Let l = 36 + -15. Suppose -4*s = -3*m + 2*m - l, 9 = 2*s + m. What are the prime factors of s?
5
Let o = 4 - 4. Suppose o = 3*v + 2*v - 30. What are the prime factors of v?
2, 3
Suppose 51 + 840 = -3*p. List the prime factors of (p/(-9))/(3/2).
2, 11
Let k(x) = -x**3 + 9*x**2 + 9*x + 14. Let z be k(10). Suppose 0 - 8 = -z*r. What are the prime factors of r?
2
Let b be 2/(-10) + 11/5. Suppose -17 = -3*m + b*m. What are the prime factors of m?
17
Let a be ((-3)/(-6))/((-2)/148). Let k = -17 - a. List the prime factors of k.
2, 5
Let j = -3 - 0. What are the prime factors of -1*(j - (11 - -3))?
17
Let h = 7 + -1. List the prime factors of 188/h + (-3)/9.
31
Let h(y) = -y**3 + 7*y**2 - y - 1. Let p be h(6). Suppose 2*z - 69 = 3*i, 3*z - z + 5*i - p = 0. What are the prime factors of z?
3
Suppose -2*s + 17 = 3. Let k(h) = -h**3 + 7*h**2 + h - 2. What are the prime factors of k(s)?
5
Let t(d) = 5*d**2 + 5*d + 6. List the prime factors of t(3).
2, 3, 11
Let p be (-6)/4*290/(-3). Suppose n - 29 = -2*b, -5*n + 0*b + p = -4*b. List the prime factors of n.
29
Let h(w) = 3*w**2 - 2*w. What are the prime factors of h(2)?
2
Let g be 10/(-15) + 107/3. Let x = g - 20. List the prime factors of x.
3, 5
Let h(o) = -o**2 - 16*o + 7. List the prime factors of h(-12).
5, 11
Let i(f) = 29*f + 5. List the prime factors of i(2).
3, 7
What are the prime factors of (-642)/(-3)*(66/12 + -5)?
107
Let o(w) = w**3 - 15*w**2 + 5*w + 35. List the prime factors of o(15).
2, 5, 11
Let i be 185/(-35) + 4/14. What are the prime factors of ((-90)/5)/(2/i)?
3, 5
Let p = -26 - -28. Let j be 0/(-2 + 1 + 3). Suppose j = b - p. List the prime factors of b.
2
Suppose 2*u - 118 - 48 = 0. List the prime factors of u.
83
What are the prime factors of (-1 - -4) + 1 + 9?
13
Let h = -3 - -8. Suppose -5 = -4*k + a, k - 4*k + 4*a + 20 = 0. Suppose 2*b - 6 = -k*b - 2*n, -3*b + h = 5*n. What are the prime factors of b?
5
Let y = -8 - -12. Suppose -3*l - y*h = -16, 3*h = 3*l + l - 13. Suppose -f - 21 = -l*f. List the prime factors of f.
7
Suppose 5*t + f = 21, -4*t - 2*f = -0*f - 12. Let a = t - 4. Suppose 0 = b - m - a, -m = 3*b - 3*m - 5. List the prime factors of b.
3
Let a be (-11 - 1/(-1))*1. Let f be 0 - 5/(a/4). Let b = f - -12. What are the prime factors of b?
2, 7
Let v(p) = -p**2 - 14 - 3*p + 14. Let d be v(-3). Suppose d = 3*f + f - 48. What are the prime factors of f?
2, 3
Let x(o) = o**2 + 4*o - 1. Let d be x(-4). What are the prime factors of (-30)/9*(d + -2)?
2, 5
Let k = -64 + 89. List the prime factors of k.
5
Suppose -4*b + 149 = -v - 192, 350 = 4*b + 2*v. List the prime factors of b.
2, 43
Suppose 24 = 9*g - 147. List the prime factors of g.
19
Suppose -3*o + 51 = -81. Suppose z + o = 2*z. What are the prime factors of z?
2, 11
Suppose -40 = -0*f + 4*f. Let g = 15 + f. Suppose 0 = -g*j + 12 + 83. List the prime factors of j.
19
Suppose -4*z + 1 = 9, d - z - 12 = 0. What are the prime factors of d?
2, 5
Let x(t) = t**2 - 5*t - 18. List the prime factors of x(-7).
2, 3, 11
Suppose -4*j + 276 = 16. List the prime factors of j.
5, 13
Let q(z) = z**3 + 12*z**2 - 16*z - 12. Suppose 2*f + 13 = f. What are the prime factors of q(f)?
3
Let w be ((-4)/6)/2*-9. List the prime factors of 4 - 2 - (-96)/w.
2, 17
Suppose -3*p = -14 - 13. Suppose -p = -2*i + 59. What are the prime factors of i?
2, 17
What are the prime factors of 120 - 0*(4 - 5)?
2, 3, 5
Let c(u) = u - 1. Let n(h) = 5*h - 1. Let b(v) = -6*c(v) + 3*n(v). What are the prime factors of b(3)?
2, 3, 5
Let p(h) = -h**3 - h + 1. Let r be p(-2). Let f = 25 - r. List the prime factors of f.
2, 7
Let y = 12 + 0. List the prime factors of 111/y + (-3)/12.
3
Let o(d) = -d**3 + 2*d**2 + 3*d + 2. Let w(t) = t**2 - 8*t + 10. Let n be w(7). Let k be o(n). Let j(v) = 7*v - 2. What are the prime factors of j(k)?
2, 3
Suppose 2*l + l = 15. Let y = l + -2. Suppose -6 + 21 = y*b. What are the prime factors of b?
5
Let c(p) = 62*p**2 + p - 2. What are the prime factors of c(2)?
2, 31
List the prime factors of (-3 - (-8 - 2))*3.
3, 7
List the prime factors of (-18)/(-4)*4/(-6) - -56.
53
Suppose -3*y + 5*v = -26, 5*y - y + 4*v + 8 = 0. Suppose 3*k + d = 3*d + 17, 2 = -y*d. What are the prime factors of k?
5
List the prime factors of -1*(-40 + 1 - -2).
37
Let c = 119 - 71. What are the prime factors of c?
2, 3
Let w(q) = q**2 + q + 38. Let o be w(0). Let c = 54 - o. What are the prime factors of c?
2
Let m = 25 + -13. What are the prime factors of m/48 - (-182)/8?
23
Suppose z - 2*k + 20 = 0, 3*z + 19 + 45 = 2*k. Let a = -11 - z. Suppose l = a + 6. List the prime factors of l.
17
Suppose 5*j + 36 = 2*i, -2*i + 6*i - 72 = -3*j. What are the prime factors of i?
2, 3
Suppose 0*z + 5*z = 125. What are the prime factors of z?
5
Let h be (14 + -10)*10/8. Suppose q - 36 = -2*q + 4*i, i - 37 = -h*q. What are the prime factors of q?
2
Let t be ((-1)/(-3))/(1/93). Suppose 5*h + 4*q = 3*q + 75, 0 = 4*h - 5*q - t. What are the prime factors of h?
2, 7
Let n = 0 - -3. Suppose 2*l - 13 = -s, 0 = n*s - 5*l + 14 + 2. What are the prime factors of s?
3
Suppose -3*n = -2*v - 15, -2*n + 4 - 5 = -5*v. Suppose -4*f = 5 + n. List the prime factors of (-8)/f + 1/3.
3
List the prime factors of -9 + 12 - 22/(-1).
5
Suppose 0 = -0*a - a + 5*i + 12, 5*a + 4*i = 2. Suppose -4*q = -a - 10. Suppose q*z - 17 = 22. List the prime factors of z.
13
Suppose -j = -1 - 8. Suppose 4*q - 3 = j. What are the prime factors of q?
3
Let i = 5 - 3. Suppose -i*s = s - 72. What are the prime factors of s?
2, 3
Let b be ((-5)/(-10))/((-2)/8). Let x = 1 - b. Suppose -m - 4*p + 8 = 0, 0 = x*m + 2*p + p - 24. What are the prime factors of m?
2
Let s(f) = 16*f**2 - 4*f + 11. List the prime factors of s(2).
67
Let z(u) be the second derivative of u**5/20 - u**4/2 + 5*u**3/3 - 9*u**2/2 + 4*u. List the prime factors of z(6).
3, 17
Let h(o) = -2*o**3 + 35*o**2 - 11*o - 23. List the prime factors of h(17).
79
Suppose -3*q - 25 = -5*k, -5*q + 7 + 13 = 4*k. List the prime factors of (q + 5*-2)*-1.
2, 5
Let l(s) = -4*s**3 - 5*s**2 + 2*s + 6. What are the prime factors of l(-4)?
2, 3, 29
Let v(l) = l + 1. Let k be v(1). Suppose -k*q + 9 = q. List the prime factors of q.
3
Let l = 14 - 6. Suppose l = -w + 5*w. List the prime factors of (w/(-3))/(6/(-63)).
7
Let y be (13 - -5)*2/4. Let v be 3/(y/6) + 10. Suppose v = -2*f + 6*f. List the prime factors of f.
3
Let l = -10 + 18. Suppose -22 = -2*a + b, a + l - 30 = -5*b. List the prime factors of a.
2, 3
Let b(p) = p**2 - 7*p + 5. Let o be b(4). Let z(x) = x + 1. Let c(j) = -8*j - 12. Let s(f) = c(f) + 6*z(f). List the prime factors of s(o).
2
Let n be 92/16 + 1/4. What are the prime factors of (-165)/n*(-4)/5?
2, 11
Suppose -3*c + 0*c = -156. What are the prime factors of 5/(3 + c/(-18))?
3, 5
Let a(r) = -r**2 - 5*r - 4. Let d be a(-4). Suppose -30 = -g - d*g. Suppose -8*v + g = -3*v. What are the prime factors of v?
2, 3
Let u = -3 + 7. Suppose u*w = 2*w + 28. List the prime factors of w.
2, 7
Suppose -2*c +